V/Λ SELECT: Month and Year
OR > Month
Monthly Climatological Summary for Jan 2016
Name: Das Wetter in Pocking City: Pocking State: Germany
Elevation: 324 m Lat: N 48° 24' 09" Lon: E 013° 18' 30"
Temperature (°C), Rain (mm), Wind Speed (m/s)
Heat Cool Avg
Mean Deg Deg Wind Dom
Day Temp High Time Low Time Days Days Rain Speed High Time Dir
----------------------------------------------------------------------------------
01 1,9 3,0 14:30 0,9 00:30 16,4 0,0 0,0 0,0 2,7 23:00 N
02 1,8 3,1 13:30 0,8 23:59 16,5 0,0 0,0 0,6 6,7 10:00 ESE
03 -1,1 0,9 00:30 -2,8 22:30 19,4 0,0 0,2 0,6 6,3 20:30 E
04 -1,6 0,0 13:30 -3,1 02:30 19,9 0,0 3,6 0,1 3,6 01:00 E
05 -0,6 1,6 14:00 -3,7 08:30 18,9 0,0 0,0 0,0 1,3 19:30 E
06 -0,8 0,6 12:30 -2,5 20:00 19,2 0,0 0,0 0,0 3,1 11:00 E
07 1,3 3,6 13:30 -1,1 00:30 17,1 0,0 1,6 0,1 6,3 15:30 E
08 3,1 5,4 14:30 1,4 06:00 15,2 0,0 0,0 0,0 2,7 13:00 W
09 3,8 5,0 13:00 2,8 00:30 14,6 0,0 5,6 0,0 2,7 12:30 ESE
10 3,7 4,4 15:00 2,9 04:00 14,7 0,0 0,2 0,0 2,2 01:00 WSW
11 4,8 5,9 19:00 3,8 00:30 13,5 0,0 3,0 0,0 4,0 08:00 SSW
12 5,8 7,1 11:30 4,7 23:00 12,6 0,0 0,6 0,6 6,7 00:30 W
13 4,4 5,2 01:30 3,6 23:59 13,9 0,0 1,4 1,4 10,7 13:00 W
14 3,0 4,4 14:30 1,4 07:30 15,3 0,0 0,0 0,2 4,9 14:00 WSW
15 2,4 3,3 11:00 1,4 23:30 15,9 0,0 3,6 0,3 8,5 17:30 SSW
16 1,3 2,9 13:00 0,6 07:30 17,0 0,0 0,8 0,0 2,7 14:30 SSW
17 -0,1 2,1 14:00 -1,6 21:30 18,4 0,0 0,8 0,4 6,7 03:30 W
18 -3,2 -0,7 12:30 -7,8 23:59 21,6 0,0 0,0 0,0 0,0 00:30 W
19 -5,6 -2,9 16:00 -9,9 06:30 23,9 0,0 0,0 0,1 4,5 12:00 E
20 -2,9 -0,8 13:00 -5,4 08:30 21,3 0,0 0,0 0,0 0,0 00:30 E
21 -1,8 1,0 11:30 -7,2 23:59 20,2 0,0 0,4 0,0 0,0 00:30 E
22 -6,3 -3,1 15:00 -10,6 08:00 24,7 0,0 0,0 0,1 3,1 13:30 E
23 -3,2 0,1 23:59 -6,9 01:00 21,6 0,0 3,0 0,0 1,3 19:30 E
24 1,2 2,4 13:30 -0,8 08:00 17,1 0,0 0,0 0,0 0,4 15:30 E
25 2,8 3,9 16:00 1,8 00:30 15,5 0,0 3,2 0,0 0,0 00:30 E
26 2,7 4,6 15:00 1,2 23:59 15,6 0,0 0,0 0,0 1,8 09:30 NNE
27 2,3 4,7 15:30 -0,2 08:30 16,1 0,0 0,0 0,0 0,9 10:00 NNE
28 5,4 8,4 15:00 2,9 04:30 12,9 0,0 2,4 0,0 2,2 17:30 NNE
29 6,0 8,2 15:00 3,1 23:59 12,3 0,0 3,2 0,0 3,1 11:00 S
30 3,7 6,8 23:59 1,0 07:30 14,7 0,0 1,6 0,0 3,6 22:00 WSW
31 5,1 7,7 01:30 3,9 09:00 13,2 0,0 10,6 0,4 8,0 01:00 SSW
----------------------------------------------------------------------------------
1,3 8,4 28 -10,6 22 529,2 0,0 45,8 0,2 10,7 13 SW
Max >= 27,0 0
Max <= 0,0 5
Min <= 0,0 14
Min <= -18,0 0
Max Rain: 10,6 on day 31
Days of Rain: 18 (>= 0,2 mm) 9 (>= 2,0 mm) 0 (>= 20,0 mm)
Heat Base: 18,3 Cool Base: 18,3 Method: Integration