V/Λ SELECT: Month and Year
OR > Month
Monthly Climatological Summary for Dez 2015
Name: Das Wetter in Pocking City: Pocking State: Germany
Elevation: 324 m Lat: N 48° 24' 09" Lon: E 013° 18' 30"
Temperature (°C), Rain (mm), Wind Speed (m/s)
Heat Cool Avg
Mean Deg Deg Wind Dom
Day Temp High Time Low Time Days Days Rain Speed High Time Dir
----------------------------------------------------------------------------------
01 9,9 10,7 14:00 9,4 21:00 8,4 0,0 2,8 0,0 0,0 00:30 W
02 10,2 11,3 13:30 8,7 23:59 8,2 0,0 0,0 0,0 0,0 00:30 W
03 7,8 10,1 12:30 3,4 23:59 10,6 0,0 0,0 0,0 0,0 00:30 W
04 3,4 5,3 22:30 1,9 05:00 14,9 0,0 0,0 0,0 0,0 00:30 W
05 6,5 9,1 15:00 4,7 22:30 11,8 0,0 0,0 0,0 0,0 00:30 W
06 4,5 5,4 15:00 3,2 23:59 13,8 0,0 0,0 0,0 0,0 00:30 W
07 4,8 8,1 15:00 2,6 02:00 13,6 0,0 0,0 0,0 0,0 00:30 W
08 3,8 4,2 02:00 2,9 00:30 14,6 0,0 0,0 0,1 3,1 08:30 ESE
09 4,5 5,8 21:30 3,4 09:30 13,8 0,0 2,6 0,0 3,6 14:30 WNW
10 4,9 5,8 11:30 3,9 20:00 13,4 0,0 0,0 0,0 4,0 19:00 ESE
11 3,1 4,2 00:30 1,9 10:30 15,3 0,0 0,0 0,0 1,3 12:00 ESE
12 6,6 8,9 15:00 3,4 00:30 11,8 0,0 0,0 0,2 4,9 10:30 S
13 4,2 6,1 15:30 1,7 08:00 14,1 0,0 0,0 0,0 2,7 14:00 W
14 6,2 7,3 11:30 5,3 23:59 12,1 0,0 0,0 0,1 3,6 13:30 S
15 5,6 6,6 14:00 4,6 08:30 12,7 0,0 0,0 0,0 1,3 07:30 SSE
16 6,2 8,1 15:00 4,7 06:00 12,1 0,0 1,2 0,0 0,0 00:30 SSE
17 8,2 9,6 15:00 6,6 08:30 10,1 0,0 3,4 0,0 2,2 19:30 WNW
18 7,7 9,2 01:00 5,9 08:30 10,6 0,0 0,2 0,0 1,3 13:30 ENE
19 7,0 8,6 15:00 5,4 06:30 11,3 0,0 0,0 0,1 4,5 22:30 E
20 5,4 6,7 01:30 4,4 23:30 12,9 0,0 0,0 0,2 4,0 17:00 E
21 4,8 6,2 17:30 3,0 23:59 13,6 0,0 0,8 0,0 2,2 00:30 SE
22 5,9 9,9 15:00 2,6 02:00 12,4 0,0 0,0 0,0 1,3 05:30 S
23 5,1 7,5 15:30 1,9 09:00 13,3 0,0 0,0 0,0 1,8 21:00 N
24 6,0 8,2 14:00 4,0 08:30 12,3 0,0 0,0 0,0 0,9 11:00 ENE
25 4,9 8,2 14:30 2,9 04:00 13,4 0,0 0,0 0,0 0,9 05:30 ENE
26 3,3 6,2 15:00 1,5 08:30 15,1 0,0 0,0 0,0 0,0 00:30 ENE
27 2,1 5,0 15:00 0,3 09:00 16,2 0,0 0,0 0,0 0,0 00:30 ENE
28 1,9 5,2 15:30 0,1 06:00 16,4 0,0 0,0 0,0 0,4 02:00 ENE
29 3,7 6,2 14:30 0,8 02:30 14,6 0,0 0,0 0,0 2,2 16:30 S
30 3,3 5,4 15:00 1,2 23:59 15,0 0,0 0,0 0,5 8,9 12:30 E
31 0,6 1,8 17:30 -1,2 08:30 17,7 0,0 1,4 0,0 4,0 09:00 E
----------------------------------------------------------------------------------
5,2 11,3 2 -1,2 31 406,1 0,0 12,4 0,0 8,9 30 ESE
Max >= 27,0 0
Max <= 0,0 0
Min <= 0,0 1
Min <= -18,0 0
Max Rain: 3,4 on day 17
Days of Rain: 7 (>= 0,2 mm) 3 (>= 2,0 mm) 0 (>= 20,0 mm)
Heat Base: 18,3 Cool Base: 18,3 Method: Integration