V/Λ SELECT: Month and Year
OR > Month
Monthly Climatological Summary for Okt 2015
Name: Das Wetter in Pocking City: Pocking State: Germany
Elevation: 324 m Lat: N 48° 24' 09" Lon: E 013° 18' 30"
Temperature (°C), Rain (mm), Wind Speed (m/s)
Heat Cool Avg
Mean Deg Deg Wind Dom
Day Temp High Time Low Time Days Days Rain Speed High Time Dir
----------------------------------------------------------------------------------
01 11,7 17,1 16:00 7,5 06:00 6,7 0,0 0,0 0,4 6,7 11:30 ENE
02 11,8 18,3 16:30 5,6 07:00 6,6 0,0 0,0 0,1 7,2 11:30 E
03 14,4 20,2 15:30 10,0 07:00 4,1 0,2 0,0 0,0 1,8 13:00 NNW
04 12,3 16,6 14:00 9,1 07:00 6,1 0,0 1,8 0,1 5,4 13:30 SSW
05 11,3 15,7 16:30 8,1 04:30 7,1 0,0 0,0 0,0 2,2 17:00 E
06 14,4 19,2 15:30 10,7 02:00 3,9 0,1 0,2 0,1 3,6 11:30 E
07 14,9 15,7 16:30 13,7 23:30 3,4 0,0 31,4 0,0 3,1 22:00 W
08 13,8 15,2 16:30 12,5 07:30 4,6 0,0 3,0 0,1 4,0 11:30 NW
09 13,2 16,6 16:00 10,6 08:00 5,2 0,0 0,0 0,0 1,8 14:00 NNW
10 13,0 15,4 15:00 11,2 02:00 5,3 0,0 0,0 0,0 0,0 00:30 NNW
11 10,7 12,9 15:30 6,9 23:59 7,6 0,0 1,0 0,0 1,3 05:30 S
12 7,4 11,3 16:00 3,6 08:00 10,9 0,0 0,0 0,0 3,6 13:30 ENE
13 6,9 8,8 16:30 5,1 07:30 11,4 0,0 0,2 0,1 4,5 11:00 ENE
14 7,9 9,4 15:00 6,7 01:30 10,4 0,0 4,2 0,0 1,8 05:30 NNE
15 8,5 9,8 13:30 7,7 05:00 9,8 0,0 4,6 0,0 2,2 15:00 WSW
16 7,8 8,6 15:00 6,9 08:00 10,6 0,0 1,8 0,0 1,8 01:00 SSW
17 8,3 10,4 16:30 6,8 06:30 10,0 0,0 0,0 0,1 2,2 15:30 NNW
18 8,9 11,5 14:30 7,6 06:30 9,4 0,0 4,2 0,0 2,2 17:00 NW
19 9,1 10,3 14:30 8,4 02:30 9,3 0,0 0,2 0,1 2,7 15:30 N
20 8,3 10,4 14:00 6,3 04:30 10,1 0,0 0,2 0,1 2,7 13:30 NW
21 8,8 10,6 16:30 7,9 20:30 9,5 0,0 0,2 0,0 1,3 07:30 W
22 9,7 12,3 14:30 7,8 04:00 8,6 0,0 0,0 0,0 2,7 15:30 SSW
23 10,9 13,8 15:00 7,8 23:59 7,4 0,0 0,0 0,1 2,7 12:30 SSE
24 9,4 12,6 15:30 7,1 01:30 8,9 0,0 0,0 0,1 4,5 12:30 E
25 8,9 11,7 17:00 5,8 08:30 9,4 0,0 0,0 0,0 0,4 11:30 E
26 10,6 14,5 15:30 7,1 07:30 7,7 0,0 0,0 0,1 5,4 11:30 ENE
27 10,1 13,2 15:30 7,4 23:59 8,3 0,0 0,0 0,0 3,1 10:00 S
28 8,6 11,6 15:30 5,6 06:00 9,8 0,0 0,0 0,1 4,5 13:30 ESE
29 9,6 10,9 16:00 8,4 01:00 8,8 0,0 0,0 0,0 3,6 02:30 W
30 10,2 11,2 15:00 9,5 05:30 8,1 0,0 0,0 0,0 3,6 12:00 ENE
31 11,2 14,6 15:30 8,1 08:30 7,2 0,0 0,0 0,3 5,8 12:30 ENE
----------------------------------------------------------------------------------
10,4 20,2 3 3,6 12 246,2 0,3 53,0 0,1 7,2 2 ENE
Max >= 27,0 0
Max <= 0,0 0
Min <= 0,0 0
Min <= -18,0 0
Max Rain: 31,4 on day 7
Days of Rain: 13 (>= 0,2 mm) 5 (>= 2,0 mm) 1 (>= 20,0 mm)
Heat Base: 18,3 Cool Base: 18,3 Method: Integration