V/Λ SELECT: Month and Year
OR > Month
Monthly Climatological Summary for Sep 2015
Name: Das Wetter in Pocking City: Pocking State: Germany
Elevation: 324 m Lat: N 48° 24' 09" Lon: E 013° 18' 30"
Temperature (°C), Rain (mm), Wind Speed (m/s)
Heat Cool Avg
Mean Deg Deg Wind Dom
Day Temp High Time Low Time Days Days Rain Speed High Time Dir
----------------------------------------------------------------------------------
01 25,1 32,8 17:00 19,7 07:00 0,0 6,7 4,6 0,2 7,6 19:00 W
02 18,8 21,5 00:30 17,1 23:59 0,3 0,7 14,0 0,1 2,7 01:00 NNW
03 17,5 19,9 12:30 16,0 02:30 1,0 0,2 7,2 0,0 3,1 12:00 S
04 17,6 21,6 16:30 15,1 05:00 1,3 0,6 5,6 0,0 3,1 22:00 SE
05 15,7 17,1 17:00 14,6 23:00 2,7 0,0 0,0 0,1 4,0 16:00 SSW
06 14,4 17,4 14:30 11,9 07:30 3,9 0,0 0,6 0,3 6,7 12:30 SW
07 13,6 15,4 13:30 10,8 07:00 4,8 0,0 0,4 0,2 4,9 14:00 W
08 14,7 18,5 16:30 11,7 23:59 3,6 0,0 0,0 0,1 3,6 15:30 N
09 13,9 18,7 13:30 10,9 02:30 4,4 0,0 0,0 0,1 5,4 15:30 ESE
10 13,2 19,2 16:00 8,0 07:00 5,2 0,1 0,0 0,2 6,3 15:30 E
11 14,1 20,2 16:30 8,6 06:30 4,4 0,2 0,0 0,1 4,9 20:30 SSE
12 16,1 22,3 16:30 10,7 07:00 3,1 0,8 0,0 0,1 4,0 17:00 E
13 17,4 23,7 16:30 11,9 07:30 2,1 1,2 0,0 0,1 4,5 16:00 ESE
14 15,9 18,6 11:30 13,6 22:30 2,4 0,0 2,4 0,0 3,1 13:00 S
15 16,6 21,1 15:00 13,4 04:30 2,3 0,5 0,2 0,0 5,4 12:30 W
16 17,9 24,6 16:30 12,1 07:00 2,1 1,6 0,0 0,1 4,5 13:00 E
17 19,3 28,6 17:00 14,2 07:00 1,2 2,2 0,0 0,4 12,5 17:00 SSW
18 16,8 20,0 17:00 14,3 05:00 1,8 0,3 0,0 0,0 0,0 00:30 SSW
19 16,4 20,1 16:00 13,1 06:30 2,2 0,3 0,0 0,0 0,0 00:30 SSW
20 15,4 19,3 15:00 12,9 23:59 2,9 0,0 0,0 0,4 6,3 12:30 NNW
21 13,6 18,7 16:30 8,4 08:00 4,8 0,0 0,0 0,0 3,1 15:00 ENE
22 14,2 20,1 16:00 8,7 07:00 4,3 0,2 0,0 0,0 2,2 16:00 WNW
23 13,7 15,9 00:30 11,8 23:59 4,7 0,0 2,6 0,0 4,0 15:30 S
24 13,2 16,1 16:30 11,3 04:30 5,1 0,0 0,0 0,0 2,2 13:00 WSW
25 14,8 18,3 15:00 12,5 07:30 3,6 0,0 0,0 0,0 3,6 16:30 SSW
26 14,3 15,7 16:30 13,2 08:00 4,1 0,0 0,2 0,0 0,9 13:30 ESE
27 14,2 17,6 15:00 12,1 23:59 4,2 0,0 0,0 0,1 4,5 17:30 ESE
28 12,9 17,2 15:30 10,3 23:00 5,4 0,0 0,0 0,1 4,5 16:30 E
29 12,5 16,0 16:30 9,0 04:30 5,8 0,0 0,0 0,3 5,8 13:00 E
30 11,4 15,3 14:30 8,8 08:30 6,9 0,0 0,0 0,5 7,2 17:00 E
----------------------------------------------------------------------------------
15,5 32,8 1 8,0 10 100,6 15,6 37,8 0,1 12,5 17 ESE
Max >= 27,0 2
Max <= 0,0 0
Min <= 0,0 0
Min <= -18,0 0
Max Rain: 14,0 on day 2
Days of Rain: 10 (>= 0,2 mm) 6 (>= 2,0 mm) 0 (>= 20,0 mm)
Heat Base: 18,3 Cool Base: 18,3 Method: Integration