V/Λ SELECT: Month and Year
OR > Month
Monthly Climatological Summary for Jul 2015
Name: Das Wetter in Pocking City: Pocking State: Germany
Elevation: 324 m Lat: N 48° 24' 09" Lon: E 013° 18' 30"
Temperature (°C), Rain (mm), Wind Speed (m/s)
Heat Cool Avg
Mean Deg Deg Wind Dom
Day Temp High Time Low Time Days Days Rain Speed High Time Dir
----------------------------------------------------------------------------------
01 24,2 30,9 16:00 17,6 06:00 0,1 5,9 0,0 0,0 0,0 00:30 N
02 25,2 31,9 16:00 18,5 06:00 0,0 6,8 0,0 0,0 4,5 13:30 ENE
03 26,1 32,9 17:00 19,2 06:00 0,0 7,7 0,0 0,0 3,1 10:30 NE
04 27,4 34,4 16:00 20,9 06:00 0,0 9,1 0,0 0,0 3,6 14:00 ESE
05 28,2 35,6 16:30 21,2 06:00 0,0 9,8 0,0 0,0 3,6 14:30 ENE
06 26,4 32,3 16:30 22,2 05:30 0,0 8,1 3,0 0,1 4,9 07:00 NNW
07 28,0 35,2 16:30 20,8 06:00 0,0 9,7 0,0 0,0 4,5 14:30 E
08 22,2 27,1 00:30 18,1 23:59 0,0 3,8 7,4 0,2 8,0 00:30 SW
09 18,3 23,1 13:30 14,8 23:59 0,6 0,6 3,4 0,3 8,9 17:30 WSW
10 18,3 24,6 16:30 12,3 06:00 1,9 1,8 0,0 0,1 4,5 14:30 NW
11 20,4 27,4 17:00 12,7 06:00 1,4 3,5 0,0 0,0 4,0 21:00 S
12 23,5 30,7 16:00 16,4 06:30 0,2 5,4 0,0 0,0 5,4 14:30 W
13 20,9 23,3 14:30 19,1 23:59 0,0 2,6 0,4 0,0 4,9 11:30 W
14 21,5 25,3 15:30 17,9 05:00 0,1 3,2 3,4 0,1 3,6 12:00 W
15 23,7 29,4 16:30 19,7 06:00 0,0 5,4 0,0 0,1 4,0 12:30 NW
16 24,7 31,8 16:30 17,7 06:00 0,1 6,4 0,0 0,0 3,1 12:00 N
17 26,7 34,6 16:00 19,1 06:00 0,0 8,3 0,0 0,0 4,9 23:30 S
18 26,8 33,2 15:00 20,3 06:30 0,0 8,5 0,0 0,1 4,5 15:00 NNW
19 26,4 34,1 16:00 20,5 06:00 0,0 8,1 2,8 0,1 9,4 21:00 S
20 25,3 30,0 15:30 21,7 06:00 0,0 7,0 1,0 0,0 4,5 00:30 ESE
21 26,9 34,1 17:00 20,6 06:00 0,0 8,6 0,0 0,0 0,0 00:30 ESE
22 28,1 36,1 16:30 20,7 06:30 0,0 9,8 0,0 0,0 4,0 23:59 S
23 26,0 29,1 16:30 23,5 06:30 0,0 7,7 0,2 0,4 4,9 14:30 NNW
24 26,3 31,8 16:00 21,4 06:30 0,0 8,0 0,0 0,0 3,6 10:30 NE
25 24,6 29,1 14:00 19,7 23:59 0,0 6,2 1,2 0,2 7,6 22:30 NW
26 20,7 26,1 16:30 15,3 07:00 0,6 2,8 0,0 0,1 4,9 00:30 E
27 20,2 26,8 15:30 17,0 06:30 0,3 2,2 9,0 0,2 9,4 17:30 NW
28 20,7 25,1 16:30 16,8 06:00 0,3 2,7 0,0 0,2 8,0 13:30 NNW
29 18,9 23,7 14:30 15,5 07:00 0,7 1,2 3,2 0,0 4,0 01:00 NNW
30 18,9 24,7 16:30 13,4 06:30 1,3 1,9 0,0 0,0 1,3 20:30 N
31 20,2 25,9 16:30 15,1 06:30 0,8 2,7 0,0 0,0 4,0 19:00 E
----------------------------------------------------------------------------------
23,7 36,1 22 12,3 10 8,4 175,5 35,0 0,1 9,4 19 NW
Max >= 27,0 21
Max <= 0,0 0
Min <= 0,0 0
Min <= -18,0 0
Max Rain: 9,0 on day 27
Days of Rain: 11 (>= 0,2 mm) 7 (>= 2,0 mm) 0 (>= 20,0 mm)
Heat Base: 18,3 Cool Base: 18,3 Method: Integration