V/Λ SELECT: Month and Year
OR > Month
Monthly Climatological Summary for Jun 2015
Name: Das Wetter in Pocking City: Pocking State: Germany
Elevation: 324 m Lat: N 48° 24' 09" Lon: E 013° 18' 30"
Temperature (°C), Rain (mm), Wind Speed (m/s)
Heat Cool Avg
Mean Deg Deg Wind Dom
Day Temp High Time Low Time Days Days Rain Speed High Time Dir
----------------------------------------------------------------------------------
01 20,2 26,4 17:00 14,2 06:30 1,1 2,9 3,4 0,1 7,2 22:30 SW
02 21,3 27,1 16:00 16,7 06:00 0,4 3,3 3,4 0,1 2,7 01:00 NW
03 23,2 30,0 16:00 17,1 05:30 0,2 5,1 0,0 0,3 4,5 14:30 WNW
04 23,6 29,5 15:30 18,1 06:00 0,0 5,2 0,0 0,2 3,6 11:00 E
05 23,7 30,3 16:30 17,9 05:30 0,0 5,4 0,0 0,2 5,8 14:00 ENE
06 24,4 31,9 16:30 17,4 06:00 0,1 6,2 0,0 0,0 3,6 23:59 SW
07 25,0 30,8 16:30 20,0 06:30 0,0 6,7 0,0 0,5 6,3 17:00 N
08 22,4 26,6 16:00 18,6 23:59 0,0 4,1 12,8 0,4 4,5 21:00 ESE
09 16,9 18,6 00:30 15,3 23:59 1,4 0,0 5,0 0,0 2,2 03:30 N
10 18,1 22,6 17:00 14,4 05:00 1,4 1,1 0,0 0,2 4,9 11:00 NNW
11 21,7 27,1 16:30 17,4 02:00 0,2 3,6 0,0 0,1 4,0 09:30 S
12 24,1 30,7 16:00 17,9 06:00 0,0 5,7 0,0 0,1 2,2 16:30 NNW
13 24,4 29,8 16:30 18,6 06:00 0,0 6,1 0,2 0,2 5,4 15:00 W
14 23,9 28,9 14:30 19,9 06:00 0,0 5,6 0,6 0,1 3,6 20:30 NNE
15 19,0 20,8 00:30 17,1 23:59 0,1 0,8 13,2 0,2 4,0 16:00 NW
16 17,4 20,8 14:30 15,1 23:59 1,2 0,3 0,8 0,0 3,1 17:00 N
17 17,4 22,0 16:00 13,5 05:30 1,8 0,8 0,0 0,4 5,8 16:30 NNW
18 16,5 20,1 14:30 13,1 05:30 2,1 0,2 2,0 0,1 4,5 15:00 S
19 16,4 18,9 14:30 14,4 23:59 1,9 0,0 1,6 0,5 5,8 07:00 NW
20 14,3 16,4 17:00 13,1 22:30 4,0 0,0 1,8 0,3 5,8 12:00 NNW
21 15,1 18,0 17:30 12,1 03:30 3,3 0,0 0,8 0,1 3,1 13:00 SSE
22 16,7 22,1 15:30 13,5 05:30 2,2 0,6 3,2 0,4 8,0 16:00 E
23 16,0 20,2 14:30 13,5 06:00 2,6 0,2 2,8 0,6 7,2 13:30 W
24 16,4 21,6 17:00 12,6 05:00 2,4 0,5 0,0 0,3 3,6 10:30 W
25 17,6 24,0 15:30 10,9 05:30 2,4 1,7 0,0 0,0 0,4 07:00 W
26 19,8 26,5 17:00 13,0 06:00 1,4 2,9 0,0 0,0 2,7 14:30 WNW
27 19,6 23,6 13:00 16,7 23:59 0,2 1,4 14,0 0,0 4,5 22:00 NNW
28 19,4 24,3 16:30 15,7 03:00 0,8 1,9 0,0 0,5 5,4 13:30 W
29 20,1 26,7 17:00 14,8 05:30 1,1 2,8 0,0 0,0 2,2 14:00 N
30 22,6 29,6 17:00 15,9 06:00 0,4 4,7 0,0 0,0 0,0 00:30 N
----------------------------------------------------------------------------------
19,9 31,9 6 10,9 25 32,7 79,8 65,6 0,2 8,0 22 NW
Max >= 27,0 11
Max <= 0,0 0
Min <= 0,0 0
Min <= -18,0 0
Max Rain: 14,0 on day 27
Days of Rain: 15 (>= 0,2 mm) 9 (>= 2,0 mm) 0 (>= 20,0 mm)
Heat Base: 18,3 Cool Base: 18,3 Method: Integration