V/Λ SELECT: Month and Year
OR > Month
Monthly Climatological Summary for Mrz 2015
Name: Das Wetter in Pocking City: Pocking State: Germany
Elevation: 324 m Lat: N 48° 24' 09" Lon: E 013° 18' 30"
Temperature (°C), Rain (mm), Wind Speed (m/s)
Heat Cool Avg
Mean Deg Deg Wind Dom
Day Temp High Time Low Time Days Days Rain Speed High Time Dir
----------------------------------------------------------------------------------
01 4,1 6,3 20:30 0,5 07:00 14,3 0,0 1,4 0,0 0,0 00:30 W
02 6,2 8,5 10:00 2,4 23:59 12,1 0,0 6,8 0,4 10,3 23:59 W
03 4,6 8,7 15:00 2,1 07:30 13,8 0,0 0,6 0,7 7,2 01:30 W
04 4,9 7,5 13:00 2,9 03:30 13,4 0,0 0,4 0,2 5,8 04:30 W
05 4,1 6,8 15:00 2,1 23:00 14,3 0,0 0,0 0,4 5,8 15:30 NNW
06 4,8 7,8 14:00 2,2 08:00 13,6 0,0 0,0 0,1 3,6 15:30 NW
07 5,9 9,5 15:30 3,2 23:59 12,4 0,0 0,0 0,1 3,1 15:00 ESE
08 5,7 10,7 15:00 1,5 05:30 12,7 0,0 0,0 0,3 4,9 12:00 E
09 5,4 10,0 16:30 1,6 06:30 12,9 0,0 0,0 0,0 2,7 16:00 ENE
10 5,8 11,7 15:30 0,6 07:30 12,6 0,0 0,0 0,0 3,1 17:00 W
11 6,6 9,1 13:30 4,3 23:59 11,7 0,0 1,6 0,5 6,3 08:30 W
12 5,8 8,6 12:30 4,0 00:30 12,5 0,0 0,2 0,0 2,7 16:00 N
13 6,1 8,1 14:00 4,8 06:00 12,3 0,0 0,0 0,0 4,0 11:00 E
14 6,1 7,7 13:00 4,8 07:00 12,2 0,0 0,0 0,0 2,7 19:00 E
15 7,2 12,1 15:30 3,4 06:30 11,1 0,0 0,0 1,0 8,9 16:30 E
16 9,0 13,6 14:30 4,6 05:00 9,3 0,0 0,0 1,2 7,6 09:30 E
17 11,1 15,7 14:30 8,3 02:30 7,3 0,0 0,0 1,3 8,9 12:00 E
18 8,7 14,0 15:30 3,4 07:00 9,7 0,0 0,0 0,3 5,4 12:00 ESE
19 7,6 13,1 16:00 2,4 07:00 10,8 0,0 0,0 0,0 4,5 12:00 E
20 6,6 12,2 15:30 2,5 06:30 11,7 0,0 0,0 0,0 1,8 14:30 N
21 7,3 13,7 15:30 0,9 06:30 11,0 0,0 0,2 0,1 4,5 19:00 NNW
22 7,3 8,6 14:30 5,7 23:59 11,0 0,0 1,2 0,4 6,7 15:00 E
23 6,2 10,1 15:30 2,3 06:30 12,1 0,0 0,0 0,2 5,4 12:30 S
24 7,0 13,3 16:00 1,8 05:00 11,3 0,0 0,0 0,0 2,7 16:30 E
25 9,7 14,1 14:30 3,5 05:30 8,4 0,0 0,0 1,0 7,2 13:00 E
26 9,7 11,4 00:30 7,8 23:59 8,7 0,0 0,2 0,2 4,0 00:30 WNW
27 8,2 10,8 15:30 6,5 06:00 10,1 0,0 2,6 0,5 6,7 15:30 WNW
28 8,7 12,8 18:00 6,0 06:30 9,7 0,0 0,0 0,1 5,4 13:00 WNW
29 10,1 13,7 13:00 6,8 00:30 7,9 0,0 4,4 0,3 9,4 14:00 S
30 8,5 10,7 04:00 6,0 23:59 9,8 0,0 11,4 1,2 11,6 05:00 W
31 9,1 15,2 13:00 5,9 01:30 9,3 0,0 5,2 2,1 17,0 16:30 W
----------------------------------------------------------------------------------
7,0 15,7 17 0,5 1 350,0 0,0 36,2 0,4 17,0 31 WNW
Max >= 27,0 0
Max <= 0,0 0
Min <= 0,0 0
Min <= -18,0 0
Max Rain: 11,4 on day 30
Days of Rain: 13 (>= 0,2 mm) 5 (>= 2,0 mm) 0 (>= 20,0 mm)
Heat Base: 18,3 Cool Base: 18,3 Method: Integration