V/Λ SELECT: Month and Year
OR > Month
Monthly Climatological Summary for Nov 2014
Name: Das Wetter in Pocking City: Pocking State: Germany
Elevation: 324 m Lat: N 48° 24' 09" Lon: E 013° 18' 30"
Temperature (°C), Rain (mm), Wind Speed (m/s)
Heat Cool Avg
Mean Deg Deg Wind Dom
Day Temp High Time Low Time Days Days Rain Speed High Time Dir
----------------------------------------------------------------------------------
01 9,8 13,6 15:00 6,7 03:30 8,6 0,0 0,0 0,0 2,7 13:30 E
02 9,1 11,3 14:30 7,7 07:00 9,2 0,0 0,0 0,0 3,6 21:00 E
03 8,2 9,6 14:00 7,3 22:30 10,2 0,0 0,0 0,1 4,0 14:00 E
04 8,7 11,7 14:30 6,7 07:30 9,7 0,0 0,0 0,2 4,9 11:00 E
05 10,1 11,7 15:30 8,3 00:30 8,2 0,0 0,0 0,1 2,7 11:00 WSW
06 8,5 10,2 00:30 7,6 10:00 9,8 0,0 1,8 0,0 4,0 03:00 S
07 8,8 9,7 14:00 7,9 02:30 9,6 0,0 0,2 0,0 1,3 15:30 WNW
08 8,9 11,3 14:00 6,1 23:59 9,4 0,0 0,4 0,0 3,6 15:00 E
09 8,1 9,6 14:00 5,2 04:00 10,2 0,0 0,0 0,0 3,1 17:00 ENE
10 9,6 10,2 13:30 9,1 23:30 8,7 0,0 0,0 0,0 1,8 05:00 W
11 10,0 11,2 15:00 9,0 05:00 8,3 0,0 0,2 0,1 3,6 07:00 E
12 11,6 15,3 14:30 9,1 07:30 6,8 0,0 0,0 0,1 4,0 13:00 SSW
13 10,2 11,2 12:00 7,7 23:59 8,1 0,0 0,0 0,0 1,8 03:30 WSW
14 8,6 11,4 14:30 6,3 03:30 9,7 0,0 0,0 0,0 4,0 10:30 SSW
15 9,1 12,2 14:30 7,1 08:00 9,3 0,0 0,0 0,1 4,5 13:00 ESE
16 8,9 10,9 14:30 5,4 23:59 9,4 0,0 0,0 0,1 5,4 10:30 E
17 7,3 10,4 14:30 4,4 03:30 11,1 0,0 0,0 0,1 4,0 12:30 SSE
18 7,2 7,8 08:30 6,2 00:30 11,2 0,0 16,2 0,1 4,0 09:30 SSW
19 7,6 7,9 14:00 7,1 01:30 10,7 0,0 2,6 0,2 4,5 11:30 WSW
20 8,0 9,4 13:00 7,1 07:30 10,3 0,0 0,2 0,0 1,8 13:30 N
21 6,8 8,4 14:00 4,6 23:59 11,6 0,0 0,0 0,2 4,9 12:30 E
22 5,3 6,6 13:30 4,4 23:00 13,0 0,0 0,0 0,4 4,9 10:30 E
23 5,5 6,4 14:30 4,5 01:00 12,8 0,0 0,0 0,4 5,4 20:30 E
24 6,5 7,5 14:00 5,6 07:30 11,8 0,0 0,0 0,0 0,0 00:30 E
25 6,4 7,3 14:30 5,4 23:59 11,9 0,0 0,0 0,0 0,0 00:30 E
26 5,3 6,3 14:30 4,5 05:00 13,1 0,0 0,0 0,0 0,0 00:30 E
27 4,6 6,3 14:30 2,9 23:59 13,7 0,0 0,0 0,0 0,0 00:30 E
28 3,4 4,0 15:00 3,0 00:30 14,9 0,0 0,0 0,0 0,0 00:30 E
29 3,7 4,2 14:30 3,2 07:00 14,7 0,0 0,0 0,0 0,0 00:30 E
30 4,3 4,9 14:30 3,8 08:30 14,1 0,0 0,0 0,0 0,0 00:30 E
----------------------------------------------------------------------------------
7,7 15,3 12 2,9 27 320,1 0,0 21,6 0,1 5,4 16 ESE
Max >= 27,0 0
Max <= 0,0 0
Min <= 0,0 0
Min <= -18,0 0
Max Rain: 16,2 on day 18
Days of Rain: 7 (>= 0,2 mm) 2 (>= 2,0 mm) 0 (>= 20,0 mm)
Heat Base: 18,3 Cool Base: 18,3 Method: Integration