V/Λ SELECT: Month and Year
OR > Month
Monthly Climatological Summary for Okt 2014
Name: Das Wetter in Pocking City: Pocking State: Germany
Elevation: 324 m Lat: N 48° 24' 09" Lon: E 013° 18' 30"
Temperature (°C), Rain (mm), Wind Speed (m/s)
Heat Cool Avg
Mean Deg Deg Wind Dom
Day Temp High Time Low Time Days Days Rain Speed High Time Dir
----------------------------------------------------------------------------------
01 16,0 17,4 15:30 14,2 23:59 2,3 0,0 9,6 0,0 0,0 00:30 NNE
02 15,6 19,0 16:00 13,6 09:00 2,8 0,0 0,0 0,0 0,0 00:30 NNE
03 13,9 18,7 16:00 10,1 07:30 4,4 0,0 0,2 0,0 0,0 00:30 NNE
04 13,2 16,2 16:00 11,1 03:30 5,1 0,0 0,0 0,0 4,0 09:30 ESE
05 13,9 15,8 15:30 13,0 07:30 4,4 0,0 0,0 0,0 0,0 00:30 ESE
06 13,3 17,0 16:00 10,3 08:00 5,1 0,0 0,0 0,0 1,3 10:30 ESE
07 13,1 17,7 15:30 9,1 07:30 5,3 0,0 0,0 0,0 0,0 00:30 ESE
08 14,2 18,0 16:00 11,6 06:30 4,1 0,0 0,0 0,0 0,0 00:30 ESE
09 14,4 17,9 16:00 12,4 06:30 3,9 0,0 0,0 0,0 3,1 12:00 E
10 15,5 19,2 16:00 13,3 07:30 2,9 0,1 0,0 0,0 0,0 00:30 E
11 15,8 17,8 16:00 14,2 23:59 2,6 0,0 0,0 0,0 0,0 00:30 E
12 15,2 19,2 17:00 12,8 06:30 3,2 0,1 0,2 0,0 0,0 00:30 E
13 15,1 17,7 14:00 12,8 06:00 3,2 0,0 1,2 0,0 3,1 11:00 E
14 15,5 18,3 15:30 12,4 23:59 2,8 0,0 1,4 0,0 4,0 05:30 SSE
15 13,7 17,1 15:30 11,5 05:00 4,6 0,0 2,6 0,0 0,0 00:30 SSE
16 14,8 17,4 15:30 12,7 01:30 3,6 0,0 1,6 0,0 2,2 12:30 S
17 14,2 15,4 15:30 12,7 23:59 4,1 0,0 16,0 0,1 4,9 11:30 W
18 13,0 16,1 15:30 11,2 23:59 5,3 0,0 0,0 0,0 3,6 15:30 E
19 11,9 15,3 15:30 9,4 06:00 6,4 0,0 0,2 0,0 0,0 00:30 E
20 13,5 18,2 16:00 9,6 07:00 4,8 0,0 5,6 0,0 4,0 20:00 NW
21 13,6 14,9 12:30 10,7 23:30 4,7 0,0 10,4 0,1 13,4 22:30 WSW
22 7,9 10,7 00:30 6,1 22:00 10,4 0,0 5,2 0,8 8,0 11:00 W
23 9,1 10,3 16:00 6,9 00:30 9,2 0,0 4,2 1,3 9,8 06:30 SSE
24 10,1 11,7 15:00 8,8 06:00 8,2 0,0 0,0 0,0 3,1 06:00 S
25 8,2 10,2 00:30 6,8 04:30 10,2 0,0 0,2 0,0 3,1 14:00 SSE
26 9,1 11,5 15:30 7,6 05:00 9,3 0,0 0,4 0,0 2,7 17:00 E
27 7,7 9,1 15:30 5,6 07:00 10,7 0,0 0,0 0,0 3,6 23:59 ENE
28 7,2 9,6 14:00 4,5 22:30 11,2 0,0 0,0 0,0 3,6 01:30 S
29 7,9 10,5 15:00 5,1 00:30 10,4 0,0 0,0 0,0 1,3 08:00 S
30 9,4 10,7 15:00 7,8 05:00 8,9 0,0 0,2 0,0 1,3 11:30 S
31 9,7 11,8 14:00 7,6 23:59 8,6 0,0 0,0 0,0 1,3 12:30 S
----------------------------------------------------------------------------------
12,4 19,2 10 4,5 28 182,7 0,2 59,2 0,1 13,4 21 SSW
Max >= 27,0 0
Max <= 0,0 0
Min <= 0,0 0
Min <= -18,0 0
Max Rain: 16,0 on day 17
Days of Rain: 16 (>= 0,2 mm) 7 (>= 2,0 mm) 0 (>= 20,0 mm)
Heat Base: 18,3 Cool Base: 18,3 Method: Integration