V/Λ SELECT: Month and Year
OR > Month
Monthly Climatological Summary for Sep 2014
Name: Das Wetter in Pocking City: Pocking State: Germany
Elevation: 324 m Lat: N 48° 24' 09" Lon: E 013° 18' 30"
Temperature (°C), Rain (mm), Wind Speed (m/s)
Heat Cool Avg
Mean Deg Deg Wind Dom
Day Temp High Time Low Time Days Days Rain Speed High Time Dir
----------------------------------------------------------------------------------
01 14,7 16,9 15:00 13,7 02:30 3,7 0,0 3,8 0,1 4,9 15:30 WSW
02 15,2 18,6 16:30 13,5 07:30 3,2 0,0 3,6 0,0 3,6 01:00 NW
03 16,0 18,7 16:30 14,1 06:30 2,3 0,0 0,4 0,0 3,1 19:00 ENE
04 18,8 23,4 16:30 15,9 05:30 0,9 1,4 0,0 0,0 5,4 16:00 E
05 18,8 21,8 15:30 15,9 06:30 0,6 1,1 0,0 0,0 0,0 00:30 E
06 19,5 23,9 17:30 16,6 07:00 0,5 1,7 0,0 0,0 0,0 00:30 E
07 19,2 24,3 16:30 15,4 06:30 0,9 1,7 0,0 0,0 0,0 00:30 E
08 19,6 25,2 16:00 15,1 06:30 0,9 2,2 0,0 0,0 0,0 00:30 E
09 19,7 24,0 15:00 17,0 07:30 0,3 1,7 4,4 0,0 2,7 15:00 WNW
10 18,1 22,3 16:00 14,8 07:00 1,2 0,9 0,0 0,0 0,0 00:30 WNW
11 16,0 20,3 13:30 13,9 07:30 2,4 0,1 0,2 0,0 0,0 00:30 WNW
12 14,3 15,2 15:30 13,5 05:00 4,1 0,0 7,8 0,0 4,0 14:30 SSE
13 14,1 15,3 19:00 13,0 05:00 4,2 0,0 9,2 0,0 2,2 16:00 S
14 15,4 17,2 14:30 14,3 01:00 2,9 0,0 3,6 0,0 1,3 13:00 S
15 17,1 21,1 16:00 14,6 05:00 1,8 0,5 0,0 0,0 4,5 15:30 NE
16 17,1 21,9 16:30 12,9 06:30 2,1 0,8 0,0 0,0 0,0 00:30 NE
17 17,3 22,7 16:00 12,8 07:30 2,0 1,0 0,0 0,0 4,5 12:30 ENE
18 17,3 22,7 17:00 12,7 07:00 1,9 0,9 0,0 0,0 2,7 12:00 E
19 18,4 23,7 17:00 14,6 07:30 1,2 1,3 3,4 0,0 0,0 00:30 E
20 18,1 21,1 16:30 16,3 04:30 0,8 0,5 2,2 0,0 0,0 00:30 E
21 16,4 18,9 14:30 14,6 07:00 1,9 0,0 10,6 0,0 0,0 00:30 E
22 13,5 16,7 15:00 10,1 22:30 4,8 0,0 1,4 0,1 6,3 15:00 NNW
23 11,5 15,4 16:00 8,8 23:59 6,8 0,0 0,2 0,2 4,5 05:30 NNW
24 10,9 16,4 16:30 5,7 07:00 7,4 0,0 0,0 0,0 0,0 00:30 NNW
25 13,1 15,3 15:30 11,8 07:00 5,3 0,0 2,4 0,0 4,0 15:30 WNW
26 13,3 15,4 14:30 11,7 07:00 5,0 0,0 0,6 0,0 0,0 00:30 WNW
27 15,1 19,1 15:30 12,2 23:59 3,3 0,0 0,0 0,0 0,0 00:30 WNW
28 14,2 19,3 16:00 10,4 03:30 4,2 0,1 0,0 0,0 0,0 00:30 WNW
29 13,6 18,2 16:30 10,5 04:30 4,8 0,0 0,0 0,0 0,4 07:30 NNE
30 14,8 18,5 15:00 11,9 02:30 3,5 0,0 1,2 0,0 0,0 00:30 NNE
----------------------------------------------------------------------------------
16,0 25,2 8 5,7 24 84,9 15,9 55,0 0,0 6,3 22 NW
Max >= 27,0 0
Max <= 0,0 0
Min <= 0,0 0
Min <= -18,0 0
Max Rain: 10,6 on day 21
Days of Rain: 16 (>= 0,2 mm) 10 (>= 2,0 mm) 0 (>= 20,0 mm)
Heat Base: 18,3 Cool Base: 18,3 Method: Integration