V/Λ SELECT: Month and Year
OR > Month
Monthly Climatological Summary for Aug 2014
Name: Das Wetter in Pocking City: Pocking State: Germany
Elevation: 324 m Lat: N 48° 24' 09" Lon: E 013° 18' 30"
Temperature (°C), Rain (mm), Wind Speed (m/s)
Heat Cool Avg
Mean Deg Deg Wind Dom
Day Temp High Time Low Time Days Days Rain Speed High Time Dir
----------------------------------------------------------------------------------
01 21,8 27,5 16:30 16,8 07:00 0,3 3,7 0,0 0,0 4,5 19:30 E
02 23,3 30,5 17:00 18,4 06:30 0,0 5,0 3,8 0,0 6,3 19:00 S
03 22,9 28,7 17:00 18,4 07:00 0,0 4,6 6,6 0,0 5,8 23:59 SSE
04 20,9 24,2 14:00 18,8 05:00 0,0 2,6 37,4 0,0 5,8 00:30 SW
05 19,4 22,4 17:00 17,6 06:30 0,1 1,2 0,6 0,0 4,5 04:00 S
06 19,8 25,3 16:30 15,8 06:30 0,6 2,1 0,0 0,0 0,0 00:30 S
07 19,6 25,2 14:00 15,3 06:00 0,7 1,9 3,4 0,0 0,0 00:30 S
08 20,9 27,3 16:30 15,3 06:30 0,7 3,3 0,0 0,0 0,0 00:30 S
09 21,9 28,3 14:00 17,2 07:00 0,1 3,7 0,6 0,0 3,6 16:00 W
10 22,9 29,2 16:30 17,2 06:30 0,1 4,7 0,0 0,0 0,0 00:30 W
11 20,6 22,4 03:00 18,7 23:00 0,0 2,3 17,0 0,0 5,4 01:30 NNW
12 18,4 20,7 16:30 16,9 10:00 0,4 0,4 2,0 0,0 2,7 15:00 SSE
13 16,8 18,2 18:30 15,7 23:59 1,5 0,0 7,4 0,0 4,9 20:00 SSE
14 16,9 20,8 16:30 14,9 04:00 1,7 0,3 0,4 0,0 3,1 12:30 S
15 16,3 21,7 13:30 13,2 06:30 2,3 0,3 1,0 0,0 4,5 14:30 S
16 15,4 19,0 14:30 13,8 02:00 2,9 0,0 10,2 0,1 4,9 13:00 S
17 16,9 22,9 16:30 12,7 05:00 2,4 0,9 0,0 0,0 1,3 01:00 SSW
18 18,2 23,9 16:00 12,8 06:00 1,8 1,7 0,2 0,0 3,1 19:30 NNW
19 17,7 21,6 17:00 15,0 08:00 1,2 0,6 1,4 0,0 1,8 19:00 SE
20 16,9 19,9 15:30 15,2 08:00 1,5 0,2 0,6 0,0 2,2 10:30 ESE
21 16,8 21,6 16:00 13,8 06:00 2,1 0,6 0,2 0,0 2,7 08:00 WNW
22 17,3 23,6 16:00 12,2 07:00 2,3 1,3 0,0 0,0 0,0 00:30 WNW
23 16,4 20,1 15:00 14,0 04:30 2,0 0,1 0,0 0,0 3,6 23:00 NNW
24 15,9 19,8 15:30 12,7 23:59 2,6 0,1 1,0 0,1 5,4 10:00 WSW
25 15,8 21,3 16:00 10,4 06:30 3,1 0,6 0,2 0,0 0,0 00:30 WSW
26 16,7 20,7 15:00 14,2 07:00 1,9 0,2 16,6 0,0 4,9 15:30 NW
27 16,7 20,0 17:30 14,2 23:59 1,8 0,1 3,4 0,1 4,9 09:00 E
28 16,2 21,9 16:30 11,8 05:30 2,8 0,7 0,0 0,0 0,0 00:30 E
29 17,3 23,6 15:00 12,6 06:30 2,1 1,1 3,2 0,0 4,5 15:30 NW
30 18,2 20,9 13:30 16,6 23:59 0,6 0,5 11,0 0,0 0,0 00:30 NW
31 16,2 18,8 15:30 13,5 23:30 2,1 0,0 3,4 0,0 4,5 12:30 WNW
----------------------------------------------------------------------------------
18,4 30,5 2 10,4 25 41,7 44,8 131,6 0,0 6,3 2 S
Max >= 27,0 6
Max <= 0,0 0
Min <= 0,0 0
Min <= -18,0 0
Max Rain: 37,4 on day 4
Days of Rain: 23 (>= 0,2 mm) 13 (>= 2,0 mm) 1 (>= 20,0 mm)
Heat Base: 18,3 Cool Base: 18,3 Method: Integration