V/Λ SELECT: Month and Year
OR > Month
Monthly Climatological Summary for Jul 2014
Name: Das Wetter in Pocking City: Pocking State: Germany
Elevation: 324 m Lat: N 48° 24' 09" Lon: E 013° 18' 30"
Temperature (°C), Rain (mm), Wind Speed (m/s)
Heat Cool Avg
Mean Deg Deg Wind Dom
Day Temp High Time Low Time Days Days Rain Speed High Time Dir
----------------------------------------------------------------------------------
01 18,1 24,3 17:00 12,7 06:00 1,7 1,5 0,2 0,0 0,0 00:30 NNW
02 17,1 20,2 12:30 14,3 06:00 1,6 0,3 3,0 0,0 0,0 00:30 NNW
03 19,0 26,0 17:00 13,1 06:30 1,7 2,4 0,2 0,0 0,0 00:30 NNW
04 21,7 29,1 17:00 13,6 06:00 1,1 4,4 0,0 0,0 3,6 17:00 E
05 22,9 28,4 15:30 20,1 09:30 0,0 4,6 0,6 0,0 5,4 16:00 W
06 24,5 30,9 17:00 18,4 06:30 0,0 6,2 0,0 0,0 0,0 00:30 W
07 23,7 29,9 16:30 19,9 06:30 0,0 5,3 3,0 0,0 5,8 19:30 SSE
08 20,7 27,4 15:30 16,2 23:59 0,3 2,7 14,8 0,0 4,9 19:30 SW
09 15,8 17,2 17:00 14,6 23:59 2,6 0,0 5,8 0,1 4,5 17:00 W
10 16,2 18,9 14:30 13,7 02:00 2,2 0,0 0,8 0,1 3,1 09:00 W
11 17,8 21,7 13:00 14,7 05:30 1,3 0,8 6,4 0,0 3,6 22:00 N
12 18,4 22,4 16:00 14,9 05:30 0,9 1,0 1,0 0,0 4,0 15:00 SW
13 20,1 25,0 15:30 16,1 06:00 0,5 2,3 0,2 0,0 4,9 13:00 SE
14 21,3 26,9 16:00 16,2 06:00 0,3 3,3 0,0 0,0 4,0 16:30 WNW
15 21,9 26,9 13:30 17,4 07:00 0,1 3,7 0,0 0,0 1,3 14:00 N
16 23,2 29,4 16:00 17,2 05:30 0,1 5,0 0,0 0,0 2,7 17:30 N
17 23,7 29,8 14:00 18,4 05:30 0,0 5,3 0,0 0,0 3,1 14:00 S
18 24,2 30,8 17:00 18,0 06:00 0,0 5,8 0,0 0,0 0,0 00:30 S
19 25,6 33,1 16:30 18,4 06:00 0,0 7,2 0,0 0,0 5,8 14:00 E
20 25,1 33,7 16:30 18,7 06:30 0,0 6,8 1,8 0,0 4,9 18:00 NNW
21 21,3 23,7 13:00 18,6 23:59 0,0 2,9 19,0 0,1 4,0 18:30 S
22 19,3 21,0 17:30 18,3 04:00 0,0 1,0 24,8 0,0 1,3 01:00 N
23 21,2 27,6 17:00 17,9 07:00 0,0 2,9 5,6 0,0 4,0 17:30 NNW
24 21,2 27,1 16:00 15,4 06:00 0,6 3,4 0,2 0,0 0,0 00:30 NNW
25 22,8 29,3 16:00 17,2 06:30 0,1 4,6 0,0 0,0 0,0 00:30 NNW
26 23,3 29,9 17:00 17,1 06:00 0,1 5,1 0,0 0,0 6,3 19:00 ENE
27 22,9 27,4 16:30 19,8 04:00 0,0 4,6 0,0 0,0 0,9 00:30 ENE
28 23,1 28,4 16:30 19,5 06:30 0,0 4,7 0,0 0,0 1,8 20:30 ENE
29 22,4 26,9 17:00 18,9 05:30 0,0 4,1 0,0 0,0 0,0 00:30 ENE
30 21,0 23,0 17:30 20,1 09:00 0,0 2,7 1,6 0,0 3,1 19:00 S
31 20,3 21,9 18:30 19,3 23:59 0,0 1,9 1,2 0,1 3,6 12:30 NNW
----------------------------------------------------------------------------------
21,3 33,7 20 12,7 1 15,2 106,5 90,2 0,0 6,3 26 WSW
Max >= 27,0 16
Max <= 0,0 0
Min <= 0,0 0
Min <= -18,0 0
Max Rain: 24,8 on day 22
Days of Rain: 18 (>= 0,2 mm) 8 (>= 2,0 mm) 1 (>= 20,0 mm)
Heat Base: 18,3 Cool Base: 18,3 Method: Integration