V/Λ SELECT: Month and Year
OR > Month
Monthly Climatological Summary for Jun 2014
Name: Das Wetter in Pocking City: Pocking State: Germany
Elevation: 324 m Lat: N 48° 24' 09" Lon: E 013° 18' 30"
Temperature (°C), Rain (mm), Wind Speed (m/s)
Heat Cool Avg
Mean Deg Deg Wind Dom
Day Temp High Time Low Time Days Days Rain Speed High Time Dir
----------------------------------------------------------------------------------
01 15,5 21,7 15:30 10,4 06:00 3,4 0,6 0,0 0,0 4,5 16:00 N
02 16,5 22,9 14:30 12,3 06:00 2,6 0,7 0,2 0,0 0,9 17:00 N
03 16,4 21,9 14:00 12,5 05:30 2,4 0,5 2,2 0,0 2,7 16:00 S
04 17,8 24,6 16:30 11,1 05:30 2,3 1,8 0,4 0,0 4,0 13:00 S
05 17,6 22,3 16:30 14,9 23:59 1,4 0,7 2,6 0,0 3,1 00:30 SSE
06 19,1 26,2 16:00 11,9 06:00 1,9 2,6 0,0 0,0 4,5 14:30 E
07 21,4 29,2 17:00 13,9 06:00 1,1 4,2 0,0 0,0 0,0 00:30 E
08 23,4 31,4 16:30 15,8 06:00 0,4 5,5 0,0 0,0 0,0 00:30 E
09 25,0 32,9 16:30 17,1 06:00 0,1 6,7 0,0 0,0 0,0 00:30 E
10 26,2 33,8 16:30 19,1 06:00 0,0 7,8 0,0 0,0 0,0 00:30 E
11 26,2 32,3 16:30 19,6 06:00 0,0 7,9 0,0 0,0 3,1 15:00 NNE
12 25,9 30,8 15:30 22,1 06:00 0,0 7,6 0,0 0,0 3,6 19:30 NNW
13 23,4 27,7 16:00 19,7 23:59 0,0 5,1 0,0 0,1 5,4 17:00 NNW
14 20,7 24,6 15:00 17,7 06:00 0,1 2,4 0,0 0,1 4,9 17:00 NNW
15 19,3 25,0 16:00 14,3 06:00 0,9 1,9 0,0 0,0 0,0 00:30 N
16 20,0 25,2 16:00 15,5 05:30 0,7 2,3 0,0 0,0 0,9 16:30 N
17 19,3 23,2 16:00 15,9 05:30 0,4 1,4 0,0 0,0 2,7 16:30 NNW
18 20,9 27,4 17:00 14,6 06:00 0,8 3,3 0,0 0,0 0,9 11:00 NNW
19 20,8 26,4 14:30 15,1 06:00 0,6 3,0 0,0 0,1 6,3 18:00 NNW
20 17,5 19,8 15:30 15,7 07:30 1,0 0,2 2,6 0,2 4,9 14:30 NNW
21 18,1 23,3 16:00 14,1 05:00 1,5 1,2 0,0 0,0 2,7 14:30 NW
22 19,2 26,9 16:30 11,9 06:30 1,9 2,7 0,0 0,0 4,0 14:00 N
23 20,9 27,4 17:00 14,9 06:00 0,8 3,3 0,0 0,0 1,8 17:00 N
24 19,9 24,5 16:00 16,8 09:00 0,3 1,8 2,0 0,0 1,3 15:00 N
25 17,8 23,0 14:30 14,7 23:59 1,2 0,7 1,2 0,1 8,5 16:00 NNE
26 17,9 24,6 16:30 11,5 06:30 2,1 1,7 0,2 0,0 0,0 00:30 NNE
27 20,2 27,7 17:00 12,4 05:00 1,5 3,4 0,0 0,0 0,0 00:30 NNE
28 22,2 29,9 16:30 15,9 04:30 0,4 4,3 7,2 0,0 8,5 20:30 E
29 18,3 20,6 10:00 15,7 23:30 0,4 0,4 3,0 0,0 3,6 02:30 S
30 16,4 19,5 18:00 14,6 05:30 2,1 0,1 4,0 0,0 7,2 15:30 NNW
----------------------------------------------------------------------------------
20,1 33,8 10 10,4 1 32,3 85,8 25,6 0,0 8,5 25 NNW
Max >= 27,0 11
Max <= 0,0 0
Min <= 0,0 0
Min <= -18,0 0
Max Rain: 7,2 on day 28
Days of Rain: 11 (>= 0,2 mm) 7 (>= 2,0 mm) 0 (>= 20,0 mm)
Heat Base: 18,3 Cool Base: 18,3 Method: Integration