V/Λ SELECT: Month and Year
OR > Month
Monthly Climatological Summary for Jan 2014
Name: Das Wetter in Pocking City: Pocking State: Germany
Elevation: 324 m Lat: N 48° 24' 09" Lon: E 013° 18' 30"
Temperature (°C), Rain (mm), Wind Speed (m/s)
Heat Cool Avg
Mean Deg Deg Wind Dom
Day Temp High Time Low Time Days Days Rain Speed High Time Dir
----------------------------------------------------------------------------------
01 1,9 3,2 15:00 0,7 23:00 16,4 0,0 0,0 0,0 1,8 02:00 ESE
02 1,8 3,0 14:00 0,4 07:30 16,5 0,0 0,0 0,1 3,6 06:00 E
03 2,1 4,4 14:30 -0,1 07:30 16,3 0,0 0,0 0,0 2,2 13:30 E
04 4,3 7,4 15:30 1,7 05:30 14,0 0,0 0,0 0,4 6,3 15:30 W
05 4,9 6,1 15:00 3,2 07:30 13,4 0,0 3,0 0,0 2,2 08:00 S
06 3,4 5,1 00:30 1,8 07:30 14,9 0,0 0,0 0,0 3,6 20:30 ESE
07 3,3 6,1 15:30 1,8 09:00 15,0 0,0 0,0 0,0 1,8 13:00 NNE
08 3,4 5,8 15:00 1,9 03:00 14,9 0,0 0,0 0,0 1,8 04:30 E
09 3,0 4,5 14:30 1,7 07:30 15,3 0,0 0,0 0,0 1,8 11:00 E
10 4,8 7,8 13:30 1,5 23:59 13,6 0,0 4,2 0,4 5,8 12:00 WNW
11 2,7 5,6 23:59 -0,2 08:00 15,7 0,0 1,0 0,0 3,1 12:30 ESE
12 3,6 5,9 01:00 0,6 23:59 14,7 0,0 0,0 0,2 4,0 01:30 E
13 0,8 2,7 23:59 -1,7 09:00 17,6 0,0 0,0 0,0 0,9 16:30 E
14 2,9 4,0 15:00 1,9 08:30 15,4 0,0 1,0 0,1 3,6 07:00 SW
15 3,6 6,0 14:30 1,0 23:30 14,7 0,0 0,4 0,0 2,2 12:30 WSW
16 3,1 5,1 15:00 1,2 00:30 15,3 0,0 0,0 0,3 4,0 08:30 E
17 3,4 4,8 14:30 1,9 04:00 14,9 0,0 0,8 0,0 2,2 11:30 SE
18 3,8 4,8 15:00 2,4 01:00 14,6 0,0 0,0 0,4 4,9 16:30 E
19 4,6 6,5 15:30 2,7 23:59 13,8 0,0 0,0 0,1 4,5 02:00 NNE
20 3,3 4,6 21:00 1,5 07:30 15,1 0,0 0,0 0,0 1,8 07:30 SW
21 4,4 4,8 13:30 3,8 07:30 13,9 0,0 1,0 0,1 3,1 14:30 W
22 5,1 6,3 14:30 4,2 00:30 13,3 0,0 0,2 0,1 2,2 14:30 NNE
23 5,1 6,3 15:00 4,3 08:00 13,3 0,0 0,0 0,0 1,8 18:00 ENE
24 3,7 4,6 00:30 2,9 09:00 14,7 0,0 0,8 0,0 2,7 05:00 W
25 3,1 4,4 14:30 1,4 22:30 15,3 0,0 1,6 0,3 4,9 14:30 W
26 2,1 3,2 12:00 0,3 07:30 16,2 0,0 4,0 0,4 6,7 14:00 E
27 1,2 2,8 13:30 0,0 06:30 17,2 0,0 1,8 0,1 4,5 01:30 E
28 1,3 2,9 15:00 -0,1 03:30 17,0 0,0 0,0 0,0 3,1 20:30 E
29 0,3 1,5 00:30 -2,1 23:00 18,1 0,0 0,0 0,3 4,5 12:30 E
30 -0,3 3,8 23:59 -2,4 06:30 18,6 0,0 0,0 0,9 12,1 23:00 ESE
31 3,3 4,4 10:30 1,0 23:59 15,1 0,0 0,0 0,5 8,0 01:00 S
----------------------------------------------------------------------------------
3,0 7,8 10 -2,4 30 474,8 0,0 19,8 0,1 12,1 30 ESE
Max >= 27,0 0
Max <= 0,0 0
Min <= 0,0 7
Min <= -18,0 0
Max Rain: 4,2 on day 10
Days of Rain: 12 (>= 0,2 mm) 3 (>= 2,0 mm) 0 (>= 20,0 mm)
Heat Base: 18,3 Cool Base: 18,3 Method: Integration