V/Λ SELECT: Month and Year
OR > Month
Monthly Climatological Summary for Nov 2013
Name: Das Wetter in Pocking City: Pocking State: Germany
Elevation: 324 m Lat: N 48° 24' 09" Lon: E 013° 18' 30"
Temperature (°C), Rain (mm), Wind Speed (m/s)
Heat Cool Avg
Mean Deg Deg Wind Dom
Day Temp High Time Low Time Days Days Rain Speed High Time Dir
----------------------------------------------------------------------------------
01 9,2 10,7 14:00 8,2 00:30 9,2 0,0 0,0 0,0 2,7 21:30 E
02 9,6 12,9 15:30 8,0 00:30 8,7 0,0 0,2 0,0 1,8 03:00 SE
03 8,6 10,6 11:30 5,0 23:59 9,8 0,0 6,4 0,1 7,6 12:00 S
04 7,1 10,1 15:00 3,7 05:30 11,2 0,0 0,0 0,0 3,1 12:30 E
05 7,6 9,3 14:30 4,3 21:30 10,7 0,0 1,6 0,4 4,9 06:30 W
06 8,0 9,9 23:59 5,5 00:30 10,3 0,0 11,6 0,6 7,2 11:30 WSW
07 12,1 16,2 14:00 9,1 23:59 6,3 0,0 0,0 0,4 7,2 12:30 SSE
08 10,9 14,7 14:30 8,7 07:30 7,4 0,0 0,0 0,0 0,4 07:00 SSE
09 9,6 10,8 14:00 7,9 23:59 8,7 0,0 6,0 0,1 5,8 03:00 S
10 7,2 9,9 13:30 5,2 07:30 11,1 0,0 6,0 0,3 4,9 20:30 NW
11 6,4 7,6 15:00 5,4 06:30 11,9 0,0 0,2 0,4 3,6 00:30 WNW
12 5,2 7,7 14:30 2,9 07:00 13,2 0,0 0,0 0,2 4,9 11:00 SSW
13 6,0 6,8 16:30 5,1 06:30 12,3 0,0 0,2 0,0 2,7 11:00 WSW
14 4,8 5,9 00:30 3,4 08:00 13,6 0,0 0,2 0,0 2,2 04:30 WNW
15 5,8 7,4 15:30 3,9 06:00 12,5 0,0 0,2 0,1 4,9 12:30 E
16 7,2 7,6 14:30 6,6 07:30 11,2 0,0 0,0 0,0 1,8 22:30 E
17 7,6 8,7 14:30 6,9 07:30 10,7 0,0 0,0 0,0 1,8 08:30 E
18 7,0 8,1 13:00 5,9 23:59 11,3 0,0 0,0 0,2 4,5 23:30 E
19 7,3 9,6 15:30 5,8 07:00 11,1 0,0 1,2 0,6 5,8 08:00 WSW
20 6,3 7,0 00:30 5,7 07:30 12,1 0,0 0,2 0,2 3,6 11:30 E
21 6,2 9,1 15:00 3,7 22:30 12,1 0,0 0,0 0,2 4,5 11:30 NW
22 4,5 5,8 15:00 2,8 04:30 13,8 0,0 0,8 0,0 1,8 08:30 NW
23 6,7 8,1 14:30 5,1 00:30 11,6 0,0 1,6 0,1 3,1 20:00 N
24 6,4 7,6 13:30 4,3 23:59 11,9 0,0 2,2 0,5 4,5 22:00 NNW
25 1,8 4,6 00:30 0,2 08:30 16,6 0,0 0,0 1,2 6,7 02:00 WNW
26 0,8 2,4 14:00 -0,5 03:30 17,6 0,0 0,0 0,2 3,6 13:00 W
27 -0,4 1,6 14:30 -2,1 23:30 18,8 0,0 0,0 0,0 0,0 00:30 W
28 -0,9 0,9 23:59 -3,4 06:30 19,3 0,0 0,0 0,0 0,0 00:30 W
29 2,6 3,7 13:30 0,8 00:30 15,8 0,0 0,0 0,0 2,2 20:00 S
30 3,9 5,4 13:30 3,0 03:00 14,4 0,0 1,2 0,1 3,1 12:30 W
----------------------------------------------------------------------------------
6,2 16,2 7 -3,4 28 365,2 0,0 39,8 0,2 7,6 3 W
Max >= 27,0 0
Max <= 0,0 0
Min <= 0,0 3
Min <= -18,0 0
Max Rain: 11,6 on day 6
Days of Rain: 16 (>= 0,2 mm) 5 (>= 2,0 mm) 0 (>= 20,0 mm)
Heat Base: 18,3 Cool Base: 18,3 Method: Integration