V/Λ SELECT: Month and Year
OR > Month
Monthly Climatological Summary for Okt 2013
Name: Das Wetter in Pocking City: Pocking State: Germany
Elevation: 324 m Lat: N 48° 24' 09" Lon: E 013° 18' 30"
Temperature (°C), Rain (mm), Wind Speed (m/s)
Heat Cool Avg
Mean Deg Deg Wind Dom
Day Temp High Time Low Time Days Days Rain Speed High Time Dir
----------------------------------------------------------------------------------
01 11,4 13,7 15:00 9,0 23:59 6,9 0,0 0,0 0,0 4,0 12:00 E
02 8,9 13,3 16:00 4,9 08:00 9,4 0,0 0,0 0,1 5,4 11:30 E
03 8,3 13,3 16:00 4,7 07:30 10,0 0,0 0,0 0,2 7,2 14:00 NE
04 8,4 12,9 16:00 3,9 06:30 9,9 0,0 0,0 0,1 5,4 11:30 E
05 9,5 11,8 16:30 6,7 07:30 8,8 0,0 2,0 0,1 3,6 10:00 ENE
06 12,8 16,0 15:00 10,0 00:30 5,6 0,0 0,2 0,0 2,2 15:30 E
07 13,9 17,2 15:30 11,5 23:59 4,4 0,0 0,0 0,0 4,5 13:30 ENE
08 11,9 15,9 15:30 9,6 08:00 6,4 0,0 0,0 0,0 2,7 15:30 N
09 12,6 14,4 14:00 11,3 03:00 5,7 0,0 0,0 0,0 1,3 14:30 N
10 11,7 15,5 14:00 7,1 23:59 6,6 0,0 14,2 0,0 4,9 17:30 S
11 7,4 8,7 17:30 6,7 07:30 10,9 0,0 8,2 0,0 3,1 11:30 ENE
12 8,4 12,3 15:00 5,8 23:59 9,9 0,0 0,0 0,1 4,5 11:00 W
13 8,8 12,9 15:00 5,9 00:30 9,5 0,0 0,0 0,0 3,1 15:30 NE
14 8,8 13,5 16:00 4,7 08:00 9,6 0,0 0,0 0,0 3,6 11:00 E
15 11,6 15,9 16:00 8,7 08:00 6,7 0,0 14,0 0,1 6,7 18:30 SSE
16 9,6 11,4 16:30 7,9 23:59 8,7 0,0 3,6 0,2 4,5 13:30 S
17 10,1 14,8 14:30 6,2 05:30 8,2 0,0 1,8 0,2 6,7 12:00 SSE
18 11,9 15,3 16:00 7,9 23:59 6,4 0,0 0,0 0,4 5,4 03:00 WNW
19 9,1 13,7 16:30 5,3 07:00 9,3 0,0 0,0 0,1 3,1 10:30 E
20 10,9 15,1 16:00 6,8 04:30 7,4 0,0 0,6 0,0 2,7 12:30 E
21 13,9 18,2 15:30 11,2 09:00 4,4 0,0 0,2 0,0 0,9 02:00 E
22 13,1 17,2 15:00 9,4 07:30 5,2 0,0 0,0 0,1 4,5 12:00 ENE
23 13,6 15,0 17:00 12,4 03:00 4,8 0,0 1,2 0,1 4,5 13:00 NW
24 13,6 16,4 15:30 10,9 23:59 4,7 0,0 1,8 0,0 0,9 03:30 NW
25 12,2 14,4 15:30 9,6 04:30 6,1 0,0 0,0 0,0 3,1 10:00 ENE
26 13,5 16,4 16:00 12,1 08:00 4,8 0,0 0,0 0,0 2,7 12:30 E
27 12,6 16,9 15:30 9,4 08:00 5,8 0,0 3,8 0,0 4,0 17:00 SSW
28 13,9 18,0 14:00 11,8 02:30 4,4 0,0 0,0 0,1 3,1 13:00 E
29 12,1 13,0 12:00 10,9 23:00 6,2 0,0 0,2 0,0 3,6 07:30 S
30 10,6 12,6 13:00 6,7 23:59 7,8 0,0 5,8 0,1 3,6 13:30 S
31 7,7 11,2 14:30 4,9 07:00 10,7 0,0 0,0 0,1 4,5 14:00 SE
----------------------------------------------------------------------------------
11,1 18,2 21 3,9 4 225,2 0,0 57,6 0,1 7,2 3 SE
Max >= 27,0 0
Max <= 0,0 0
Min <= 0,0 0
Min <= -18,0 0
Max Rain: 14,2 on day 10
Days of Rain: 14 (>= 0,2 mm) 7 (>= 2,0 mm) 0 (>= 20,0 mm)
Heat Base: 18,3 Cool Base: 18,3 Method: Integration