V/Λ SELECT: Month and Year
OR > Month
Monthly Climatological Summary for Aug 2013
Name: Das Wetter in Pocking City: Pocking State: Germany
Elevation: 324 m Lat: N 48° 24' 09" Lon: E 013° 18' 30"
Temperature (°C), Rain (mm), Wind Speed (m/s)
Heat Cool Avg
Mean Deg Deg Wind Dom
Day Temp High Time Low Time Days Days Rain Speed High Time Dir
----------------------------------------------------------------------------------
01 23,7 30,8 17:00 17,2 06:30 0,1 5,4 0,0 0,1 4,9 13:30 E
02 25,1 33,2 16:30 17,4 06:30 0,1 6,8 0,0 0,0 3,1 13:30 ESE
03 26,4 34,1 16:30 18,8 06:30 0,0 8,1 0,0 0,0 0,9 23:59 N
04 25,8 33,0 16:30 21,6 06:00 0,0 7,5 0,0 0,1 8,5 17:30 SSW
05 25,6 32,6 16:30 18,4 07:00 0,0 7,3 0,0 0,1 5,8 14:30 ENE
06 27,2 34,8 16:30 20,4 22:30 0,0 8,9 41,6 0,2 13,0 22:00 N
07 24,4 30,3 16:30 19,5 06:30 0,0 6,1 1,4 0,2 5,4 01:00 SE
08 23,6 26,2 17:30 21,8 07:00 0,0 5,3 0,0 0,0 2,7 17:00 WSW
09 21,1 22,9 00:30 18,5 23:59 0,0 2,7 5,2 0,1 6,7 18:30 SSE
10 20,4 24,7 17:00 17,3 06:30 0,2 2,2 0,0 0,1 3,1 12:30 SW
11 20,9 25,8 17:00 16,8 06:30 0,3 2,9 0,6 0,2 4,5 15:30 NNW
12 22,2 27,6 15:30 17,7 07:00 0,1 3,9 0,0 0,1 4,0 12:00 NW
13 20,5 24,7 16:30 17,6 06:30 0,1 2,2 1,2 0,3 6,7 15:00 NW
14 19,9 23,7 14:30 16,7 08:00 0,3 1,8 0,0 0,4 4,0 15:00 NW
15 19,7 25,3 17:00 14,5 07:30 0,9 2,2 0,0 0,2 3,6 15:30 N
16 20,1 26,8 16:30 13,6 07:00 1,2 2,9 0,0 0,1 4,9 12:30 E
17 21,5 29,1 16:30 14,8 06:30 0,9 4,1 0,0 0,0 3,1 13:00 E
18 23,4 30,1 17:30 17,2 06:30 0,1 5,2 0,2 0,1 4,0 22:30 S
19 21,0 23,3 11:30 17,8 23:30 0,0 2,7 11,4 0,1 4,0 14:00 W
20 17,7 20,8 15:30 15,4 23:59 0,8 0,2 0,0 0,4 4,5 16:30 NNW
21 17,8 23,4 16:00 13,3 05:30 1,8 1,3 0,2 0,1 4,5 14:30 E
22 18,6 24,8 15:30 12,5 07:00 1,7 2,0 0,0 0,1 4,9 12:30 ENE
23 19,1 23,1 16:00 14,3 07:00 1,1 1,8 0,0 0,1 3,6 13:00 ESE
24 20,3 25,6 16:00 15,3 07:00 0,5 2,5 0,0 0,2 5,8 14:00 E
25 17,9 19,3 00:30 16,2 23:30 0,5 0,1 8,8 0,1 4,0 13:30 SSW
26 17,2 21,1 17:00 13,6 07:00 1,6 0,5 1,6 0,0 3,1 18:00 ESE
27 17,4 20,0 17:00 15,4 07:30 1,2 0,2 0,2 0,0 3,6 16:30 ENE
28 16,8 19,5 17:00 15,7 08:00 1,6 0,1 13,4 0,1 4,9 17:30 NNW
29 18,3 22,7 15:30 15,7 05:00 1,2 1,1 0,2 0,0 2,7 16:00 NNE
30 17,5 23,5 16:30 13,1 06:30 2,1 1,2 0,0 0,0 2,2 14:00 E
31 17,9 23,8 16:30 12,4 06:00 1,9 1,4 0,0 0,1 3,6 18:30 WSW
----------------------------------------------------------------------------------
20,9 34,8 6 12,4 31 20,3 100,6 86,0 0,1 13,0 6 N
Max >= 27,0 10
Max <= 0,0 0
Min <= 0,0 0
Min <= -18,0 0
Max Rain: 41,6 on day 6
Days of Rain: 13 (>= 0,2 mm) 5 (>= 2,0 mm) 1 (>= 20,0 mm)
Heat Base: 18,3 Cool Base: 18,3 Method: Integration