V/Λ SELECT: Month and Year
OR > Month
Monthly Climatological Summary for Jul 2013
Name: Das Wetter in Pocking City: Pocking State: Germany
Elevation: 324 m Lat: N 48° 24' 09" Lon: E 013° 18' 30"
Temperature (°C), Rain (mm), Wind Speed (m/s)
Heat Cool Avg
Mean Deg Deg Wind Dom
Day Temp High Time Low Time Days Days Rain Speed High Time Dir
----------------------------------------------------------------------------------
01 17,9 24,6 17:00 11,4 05:30 2,3 1,8 0,0 0,1 3,1 14:30 N
02 20,8 28,2 16:00 13,6 05:30 1,3 3,8 0,0 0,0 2,2 17:00 S
03 21,6 28,5 15:30 17,1 05:30 0,1 3,3 0,2 0,3 6,3 17:00 W
04 21,1 25,8 14:30 18,5 04:30 0,0 2,7 0,2 0,0 2,7 15:00 WNW
05 20,9 25,8 14:00 18,5 06:00 0,0 2,6 7,0 0,0 4,9 15:30 S
06 20,9 26,2 14:30 17,2 07:00 0,2 2,8 0,4 0,0 0,0 00:30 S
07 22,6 27,6 17:00 18,2 05:30 0,0 4,3 0,0 0,0 0,0 00:30 S
08 23,2 28,7 16:00 18,2 06:00 0,0 4,9 0,0 0,1 4,0 16:00 E
09 23,4 30,2 16:30 17,2 05:30 0,1 5,2 0,0 0,2 4,9 11:00 NE
10 23,6 29,7 15:30 17,6 06:00 0,1 5,3 0,0 0,2 4,5 14:00 NNW
11 21,4 25,6 15:00 17,5 23:59 0,0 3,1 0,0 0,6 6,3 17:30 NNW
12 19,6 25,9 17:00 13,9 06:30 1,1 2,4 0,0 0,1 4,0 16:00 NNW
13 20,2 27,4 15:30 13,7 06:00 1,2 3,1 0,0 0,2 3,6 14:30 NNW
14 21,3 27,7 17:00 14,8 06:30 0,7 3,7 0,0 0,2 4,0 15:00 NNW
15 22,0 27,1 16:30 17,3 05:30 0,1 3,8 0,0 0,5 5,4 14:00 NNW
16 21,8 28,7 16:30 15,1 06:30 0,6 4,1 0,0 0,1 3,6 10:00 ENE
17 22,9 30,4 16:30 15,6 06:00 0,5 5,1 0,0 0,0 4,0 13:30 E
18 24,7 31,4 15:00 18,1 06:30 0,0 6,3 0,0 0,1 4,5 18:30 E
19 24,2 32,1 16:00 18,8 06:30 0,0 5,8 0,0 0,1 7,6 16:00 NNE
20 24,6 30,4 16:30 18,7 06:00 0,0 6,3 0,0 0,3 4,0 20:00 ENE
21 25,1 31,3 16:30 19,2 06:30 0,0 6,7 0,0 0,1 5,4 15:30 ENE
22 24,7 31,5 17:00 17,6 07:00 0,1 6,3 0,0 0,1 4,0 11:30 NE
23 25,2 33,1 16:30 17,6 06:30 0,1 6,9 0,0 0,1 4,0 15:30 N
24 24,6 32,4 16:30 20,6 06:00 0,0 6,2 2,8 0,2 8,9 19:30 ESE
25 24,6 30,1 17:30 19,7 06:00 0,0 6,3 1,4 0,1 3,1 12:30 SSW
26 25,8 32,2 16:30 20,3 06:00 0,0 7,5 0,0 0,2 3,6 14:30 NNW
27 27,1 35,4 17:00 19,7 06:30 0,0 8,8 0,0 0,1 4,0 12:30 ENE
28 28,4 36,0 16:30 20,9 07:00 0,0 10,1 0,0 0,1 9,8 23:00 WNW
29 23,9 28,3 13:30 18,9 23:30 0,0 5,6 11,6 0,3 5,8 00:30 WSW
30 20,6 25,2 14:00 17,6 07:00 0,1 2,3 6,8 0,3 5,8 17:00 NNW
31 22,3 27,6 17:30 18,5 06:30 0,0 4,0 0,0 0,3 5,4 12:00 NNE
----------------------------------------------------------------------------------
22,9 36,0 28 11,4 1 8,6 151,1 30,4 0,2 9,8 28 N
Max >= 27,0 24
Max <= 0,0 0
Min <= 0,0 0
Min <= -18,0 0
Max Rain: 11,6 on day 29
Days of Rain: 8 (>= 0,2 mm) 4 (>= 2,0 mm) 0 (>= 20,0 mm)
Heat Base: 18,3 Cool Base: 18,3 Method: Integration