V/Λ SELECT: Month and Year
OR > Month
Monthly Climatological Summary for Jun 2013
Name: Das Wetter in Pocking City: Pocking State: Germany
Elevation: 324 m Lat: N 48° 24' 09" Lon: E 013° 18' 30"
Temperature (°C), Rain (mm), Wind Speed (m/s)
Heat Cool Avg
Mean Deg Deg Wind Dom
Day Temp High Time Low Time Days Days Rain Speed High Time Dir
----------------------------------------------------------------------------------
01 11,5 13,6 16:00 8,9 04:30 6,8 0,0 18,2 0,1 7,2 23:59 NNW
02 11,2 13,1 00:30 9,3 23:59 7,2 0,0 31,6 1,0 7,6 01:00 W
03 9,7 10,6 15:00 9,1 23:59 8,6 0,0 11,2 0,2 4,5 16:30 S
04 11,2 14,1 15:30 8,8 08:30 7,2 0,0 0,2 0,0 4,0 15:30 SSW
05 16,4 22,5 16:30 11,8 05:30 2,7 0,8 1,0 0,0 0,4 00:30 SSW
06 17,9 23,9 15:00 12,5 05:30 1,8 1,4 0,8 0,1 4,0 09:30 E
07 18,7 25,0 17:00 12,6 05:30 1,7 2,1 0,0 0,1 3,6 11:30 NNE
08 20,7 27,4 16:30 14,6 06:00 0,9 3,3 0,0 0,0 3,6 16:30 ENE
09 21,2 28,5 16:30 15,7 06:00 0,5 3,3 5,8 0,2 6,7 20:30 S
10 18,7 22,8 16:00 16,8 23:59 0,4 0,8 0,2 0,4 7,6 16:30 W
11 18,6 23,6 16:00 14,6 06:30 1,1 1,3 1,8 0,4 4,9 13:00 SW
12 19,2 23,9 17:00 15,1 05:30 0,9 1,7 0,8 0,1 3,1 19:00 S
13 20,4 27,4 16:30 13,7 06:00 1,2 3,3 0,0 0,0 3,6 18:30 ENE
14 18,3 22,2 14:30 15,9 09:30 0,7 0,7 1,6 0,4 5,8 04:30 SW
15 20,7 27,1 17:00 14,7 05:30 0,9 3,3 0,2 0,0 3,6 16:00 S
16 22,6 28,1 17:00 18,2 05:30 0,0 4,3 1,2 0,0 3,1 01:00 SSW
17 25,2 32,9 16:30 18,0 06:00 0,0 6,8 0,0 0,0 4,9 14:00 E
18 27,5 35,1 16:00 21,1 06:00 0,0 9,2 0,0 0,1 3,6 17:30 NNE
19 28,6 35,3 16:30 22,3 06:00 0,0 10,2 0,0 0,2 5,4 16:30 ENE
20 29,0 35,9 16:30 23,2 06:00 0,0 10,7 0,0 0,1 8,0 23:00 S
21 24,4 28,6 17:00 20,7 06:00 0,0 6,1 0,0 0,6 6,7 04:30 NNW
22 23,4 27,7 16:00 20,6 07:00 0,0 5,1 0,0 0,3 4,9 19:00 SSW
23 21,8 27,9 15:30 17,0 23:00 0,1 3,6 7,0 0,5 5,8 20:00 NNW
24 16,1 17,6 15:00 14,9 23:30 2,3 0,0 13,0 0,0 3,1 02:00 WSW
25 14,4 16,4 14:00 12,7 23:59 3,9 0,0 14,6 0,5 8,0 15:00 WNW
26 13,8 17,2 16:30 11,7 23:59 4,5 0,0 1,4 0,8 6,3 11:30 NW
27 14,9 20,9 15:00 9,1 05:30 3,7 0,3 0,0 0,2 3,1 11:30 WNW
28 16,2 19,6 14:00 12,7 06:00 2,3 0,2 0,0 0,2 4,5 17:00 SW
29 15,6 19,9 12:00 11,5 05:30 2,8 0,1 1,2 0,2 6,3 15:00 S
30 16,5 20,7 17:00 13,4 06:30 2,2 0,3 2,2 0,5 5,4 14:00 NNW
----------------------------------------------------------------------------------
18,8 35,9 20 8,8 4 64,4 78,9 114,0 0,2 8,0 20 WNW
Max >= 27,0 12
Max <= 0,0 0
Min <= 0,0 0
Min <= -18,0 0
Max Rain: 31,6 on day 2
Days of Rain: 19 (>= 0,2 mm) 8 (>= 2,0 mm) 1 (>= 20,0 mm)
Heat Base: 18,3 Cool Base: 18,3 Method: Integration