V/Λ SELECT: Month and Year
OR > Month
Monthly Climatological Summary for Mai 2013
Name: Das Wetter in Pocking City: Pocking State: Germany
Elevation: 324 m Lat: N 48° 24' 09" Lon: E 013° 18' 30"
Temperature (°C), Rain (mm), Wind Speed (m/s)
Heat Cool Avg
Mean Deg Deg Wind Dom
Day Temp High Time Low Time Days Days Rain Speed High Time Dir
----------------------------------------------------------------------------------
01 17,6 23,6 16:30 11,4 06:30 2,2 1,4 0,0 0,3 6,7 15:30 E
02 17,4 20,4 14:00 15,1 07:30 1,3 0,4 4,6 0,2 4,0 18:00 E
03 16,6 20,1 17:30 14,6 07:30 1,9 0,2 3,0 0,1 3,1 13:30 NNE
04 16,8 20,9 17:00 14,3 07:00 1,9 0,4 1,0 0,1 3,6 21:00 SSW
05 16,7 21,6 16:30 13,6 06:30 2,1 0,4 0,0 0,2 3,1 19:00 ENE
06 17,9 23,7 16:30 12,8 06:30 1,7 1,3 0,0 0,3 6,7 12:30 E
07 17,8 21,7 16:00 14,8 06:00 1,3 0,7 1,6 0,0 3,1 19:30 W
08 19,1 24,3 16:30 15,4 05:30 0,9 1,7 1,6 0,1 4,0 18:30 ENE
09 19,8 25,8 16:30 14,2 06:00 1,1 2,6 3,6 0,1 7,2 23:00 NW
10 15,8 17,8 00:30 13,9 23:59 2,6 0,0 8,0 0,3 5,8 11:00 W
11 13,6 16,7 15:00 12,4 09:00 4,8 0,0 5,8 0,1 3,6 16:30 SSE
12 12,7 18,2 14:00 9,7 23:59 5,6 0,0 4,6 0,3 10,7 14:30 WSW
13 10,7 12,8 11:30 7,8 04:00 7,7 0,0 3,0 0,1 4,9 12:00 W
14 15,3 21,0 16:00 10,3 06:00 3,4 0,4 0,2 0,1 4,0 19:00 NE
15 18,2 25,4 16:30 11,4 06:00 2,2 2,1 0,0 0,2 6,3 14:30 ENE
16 17,9 23,4 13:30 12,5 06:00 1,6 1,2 0,0 0,4 6,7 11:00 ENE
17 19,1 26,0 15:30 14,8 06:00 1,1 1,8 1,6 0,3 7,2 15:30 WNW
18 17,7 22,5 16:30 13,7 06:30 1,6 0,9 2,8 0,1 3,6 02:00 ENE
19 17,0 24,8 14:00 13,1 06:00 2,4 1,0 0,0 0,2 7,2 18:00 S
20 15,6 20,7 16:00 12,0 04:30 3,1 0,2 0,0 0,1 3,6 08:30 S
21 15,4 20,7 14:30 12,4 06:00 3,2 0,3 0,0 0,2 9,8 18:30 S
22 13,6 18,7 12:30 10,1 23:59 4,8 0,0 5,4 0,3 6,7 16:30 W
23 11,9 16,0 15:00 9,1 08:00 6,4 0,0 0,0 0,0 3,6 23:59 NW
24 9,7 11,8 13:30 8,2 05:30 8,7 0,0 3,0 0,3 5,4 01:30 NNW
25 10,0 12,8 14:30 8,1 04:30 8,3 0,0 3,6 0,0 2,7 14:00 W
26 9,4 12,2 12:30 7,8 23:59 8,9 0,0 7,8 0,3 6,7 18:00 WSW
27 9,2 10,8 19:30 7,6 02:00 9,2 0,0 10,0 0,1 4,5 01:30 WNW
28 14,4 20,9 16:30 9,2 04:30 4,2 0,3 0,0 0,1 3,1 14:00 NNW
29 12,2 14,1 08:30 10,2 23:59 6,2 0,0 4,8 0,0 3,1 11:00 S
30 11,0 12,8 13:00 9,8 23:59 7,3 0,0 15,8 0,1 4,9 21:30 WNW
31 10,2 11,4 16:00 9,3 07:30 8,1 0,0 16,6 0,2 6,3 16:30 SW
----------------------------------------------------------------------------------
14,8 26,0 17 7,6 27 125,8 17,3 108,4 0,2 10,7 12 N
Max >= 27,0 0
Max <= 0,0 0
Min <= 0,0 0
Min <= -18,0 0
Max Rain: 16,6 on day 31
Days of Rain: 21 (>= 0,2 mm) 16 (>= 2,0 mm) 0 (>= 20,0 mm)
Heat Base: 18,3 Cool Base: 18,3 Method: Integration