V/Λ SELECT: Month and Year
OR > Month
Monthly Climatological Summary for Apr 2013
Name: Das Wetter in Pocking City: Pocking State: Germany
Elevation: 324 m Lat: N 48° 24' 09" Lon: E 013° 18' 30"
Temperature (°C), Rain (mm), Wind Speed (m/s)
Heat Cool Avg
Mean Deg Deg Wind Dom
Day Temp High Time Low Time Days Days Rain Speed High Time Dir
----------------------------------------------------------------------------------
01 3,1 5,9 17:00 0,1 03:30 15,3 0,0 0,0 0,3 4,9 22:00 E
02 4,1 6,4 15:00 1,7 06:30 14,3 0,0 0,0 0,6 5,4 03:00 E
03 5,0 8,3 16:30 3,2 09:30 13,3 0,0 0,0 0,4 4,5 00:30 E
04 4,7 8,3 17:00 1,8 06:30 13,7 0,0 0,0 0,5 4,9 18:00 E
05 5,4 7,3 16:00 3,7 04:30 12,9 0,0 0,0 0,1 2,7 02:00 WSW
06 5,6 6,6 14:00 4,8 07:30 12,8 0,0 0,0 0,0 2,2 16:30 N
07 5,3 7,0 15:00 4,6 06:30 13,0 0,0 0,6 0,0 2,7 19:00 E
08 6,3 10,6 16:00 2,1 07:00 12,0 0,0 0,0 0,6 8,0 11:30 E
09 8,9 14,0 16:00 5,7 03:00 9,4 0,0 1,2 0,1 6,7 19:00 WNW
10 8,7 12,9 17:00 5,8 03:00 9,6 0,0 3,8 0,5 8,5 11:30 W
11 9,8 14,8 16:00 5,9 04:00 8,5 0,0 2,2 0,1 4,9 14:30 E
12 11,4 14,7 19:30 9,2 23:59 6,9 0,0 0,4 0,5 7,6 10:30 SSE
13 11,4 15,8 19:30 8,2 23:59 6,9 0,0 0,2 0,6 8,5 17:30 WNW
14 11,4 18,1 16:30 5,7 06:30 6,9 0,0 0,2 0,0 3,6 11:30 W
15 14,1 20,7 17:00 7,8 07:00 4,6 0,4 0,2 0,2 5,4 10:30 SE
16 14,7 20,7 16:30 8,8 07:00 3,9 0,3 0,0 0,0 2,7 15:30 WNW
17 16,9 21,9 16:00 12,7 06:00 2,3 0,9 0,0 0,0 2,7 13:30 NNW
18 17,6 25,3 17:30 10,7 07:00 2,6 1,8 0,0 0,1 4,5 23:00 NW
19 13,4 17,8 00:30 9,7 23:00 4,9 0,0 10,6 0,2 4,0 00:30 NNW
20 10,6 11,9 16:30 9,3 05:30 7,7 0,0 3,2 0,6 7,6 14:00 ESE
21 14,2 20,4 16:30 9,4 07:30 4,4 0,2 0,0 0,7 5,8 16:30 W
22 13,6 16,6 17:00 12,3 06:30 4,8 0,0 0,2 0,1 3,6 09:00 NNW
23 14,4 18,6 15:30 10,9 07:00 3,9 0,0 0,0 0,0 3,1 14:30 WSW
24 15,6 21,9 16:30 9,7 06:00 3,5 0,7 0,0 0,0 2,7 13:00 NW
25 16,8 23,7 17:00 10,3 06:30 2,9 1,4 0,0 0,0 1,8 12:00 NE
26 18,0 25,1 17:00 11,1 06:30 2,3 2,0 0,0 0,0 3,1 15:00 E
27 18,9 23,8 15:00 14,3 07:00 1,0 1,7 0,0 0,3 4,9 00:30 SW
28 13,1 16,3 00:30 10,9 23:59 5,3 0,0 0,2 0,4 4,9 01:00 NNW
29 12,6 15,6 17:00 9,5 04:30 5,7 0,0 0,0 0,2 3,1 15:30 W
30 14,8 20,4 16:00 9,2 06:00 3,8 0,3 0,0 0,1 3,1 13:00 WNW
----------------------------------------------------------------------------------
11,3 25,3 18 0,1 1 219,1 9,7 23,0 0,2 8,5 10 E
Max >= 27,0 0
Max <= 0,0 0
Min <= 0,0 0
Min <= -18,0 0
Max Rain: 10,6 on day 19
Days of Rain: 12 (>= 0,2 mm) 4 (>= 2,0 mm) 0 (>= 20,0 mm)
Heat Base: 18,3 Cool Base: 18,3 Method: Integration