V/Λ SELECT: Month and Year
OR > Month
Monthly Climatological Summary for Jan 2013
Name: Das Wetter in Pocking City: Pocking State: Germany
Elevation: 324 m Lat: N 48° 24' 09" Lon: E 013° 18' 30"
Temperature (°C), Rain (mm), Wind Speed (m/s)
Heat Cool Avg
Mean Deg Deg Wind Dom
Day Temp High Time Low Time Days Days Rain Speed High Time Dir
----------------------------------------------------------------------------------
01 0,2 1,4 15:30 -1,7 08:30 18,2 0,0 0,0 0,0 2,2 14:00 E
02 2,5 4,6 14:00 0,8 23:59 15,8 0,0 1,8 0,0 1,8 04:30 SW
03 2,1 4,1 23:30 -0,6 05:30 16,3 0,0 5,2 0,0 2,2 13:30 S
04 6,4 8,0 23:59 3,9 00:30 11,9 0,0 10,4 1,2 6,3 13:30 WNW
05 7,6 8,1 03:30 6,6 22:00 10,8 0,0 8,6 1,4 6,7 03:30 W
06 6,3 6,8 00:30 5,7 18:30 12,1 0,0 8,6 1,2 7,6 23:59 WNW
07 6,8 7,6 12:00 6,3 23:30 11,5 0,0 2,6 0,8 6,3 01:00 WNW
08 6,2 7,1 13:00 5,1 23:59 12,1 0,0 7,4 0,1 3,1 22:30 W
09 5,4 6,3 15:00 4,5 08:00 12,7 0,0 0,6 0,0 1,8 12:30 SSW
10 4,4 5,2 13:30 3,2 23:59 13,9 0,0 0,8 0,4 4,9 10:00 W
11 1,8 3,3 00:30 -0,3 22:00 16,6 0,0 0,4 0,5 5,8 15:00 NW
12 0,4 1,6 11:00 -0,6 23:30 17,9 0,0 0,8 0,0 2,2 14:00 N
13 0,0 1,3 13:30 -1,2 07:00 18,3 0,0 0,0 0,4 4,0 12:00 E
14 0,3 2,1 14:00 -0,4 04:00 18,1 0,0 1,4 0,1 3,6 01:00 E
15 0,4 1,7 12:30 -1,1 04:30 17,9 0,0 0,0 0,0 2,2 12:00 ESE
16 0,8 1,6 11:30 0,1 09:30 17,6 0,0 4,2 0,0 0,9 02:00 ESE
17 0,1 2,1 12:00 -0,8 21:30 18,2 0,0 9,8 0,0 0,0 00:30 ESE
18 -0,3 1,2 13:00 -2,1 09:30 18,7 0,0 0,0 0,0 0,0 00:30 ESE
19 -1,9 -0,2 14:00 -4,3 09:00 20,2 0,0 0,0 0,0 0,0 00:30 ESE
20 -1,8 -0,2 21:30 -3,9 04:30 20,2 0,0 0,0 0,0 0,0 00:30 ESE
21 0,1 1,9 14:00 -1,2 03:00 18,3 0,0 1,6 0,0 0,0 00:30 ESE
22 1,2 3,3 12:00 -0,3 03:30 17,1 0,0 0,0 0,0 0,0 00:30 ESE
23 0,1 2,2 14:30 -1,9 04:00 18,3 0,0 0,0 0,0 0,0 00:30 ESE
24 -0,3 0,4 14:00 -1,0 06:00 18,7 0,0 0,0 0,0 0,0 00:30 ESE
25 -0,4 0,6 13:30 -1,8 23:59 18,7 0,0 0,0 0,0 1,8 17:00 E
26 -3,3 -1,4 01:00 -6,4 19:30 21,6 0,0 0,0 0,0 2,2 10:00 E
27 -2,2 0,2 14:30 -5,3 02:00 20,5 0,0 0,0 0,0 2,7 15:30 N
28 1,3 4,0 14:00 -0,9 23:59 17,0 0,0 1,6 0,0 1,3 11:30 NNW
29 2,4 4,3 16:30 -1,1 01:00 15,9 0,0 16,2 0,0 4,9 09:00 WSW
30 7,6 12,3 19:30 3,6 00:30 10,7 0,0 4,6 0,9 12,5 22:00 WNW
31 8,3 10,1 15:00 6,7 05:00 10,0 0,0 0,4 0,7 8,5 02:30 W
----------------------------------------------------------------------------------
2,0 12,3 30 -6,4 26 505,8 0,0 87,0 0,2 12,5 30 WNW
Max >= 27,0 0
Max <= 0,0 3
Min <= 0,0 20
Min <= -18,0 0
Max Rain: 16,2 on day 29
Days of Rain: 19 (>= 0,2 mm) 10 (>= 2,0 mm) 0 (>= 20,0 mm)
Heat Base: 18,3 Cool Base: 18,3 Method: Integration